Calculate the remainder when s is divided by q.
34
Let x(k) be the third derivative of k**6/120 - 7*k**5/60 + k**4/24 + 5*k**3/2 - 25*k**2. Calculate the remainder when 172 is divided by x(7).
18
Suppose d - 2*m - 83 = 0, -d - m - 79 = -2*d. What is the remainder when d is divided by 26?
23
Let o(c) be the first derivative of -c**4/2 - 4*c**3/3 + c**2 + 3*c - 1. Let h = -126 - -181. What is the remainder when h is divided by o(-3)?
10
Let u(g) = 88 + g**2 + 91 - 176 + 3*g. Let v = 8 - 11. What is the remainder when 6 is divided by u(v)?
0
Let s be -1*(2 - -90)/(-4). Suppose 4*g + 3*n = 27 + s, 4*g - 2*n - 60 = 0. Calculate the remainder when 55 is divided by g.
13
Suppose -96 = 7*t - 19. Let o = t - -17. What is the remainder when 22 is divided by o?
4
Suppose 4*c + 8 = p - 0*p, -c = -3*p + 24. What is the remainder when (6 + -5)*-6*(-39)/18 is divided by p?
5
Let i(y) be the first derivative of -y**2/2 + 28*y + 32. What is the remainder when 164 is divided by i(-14)?
38
Suppose -56*h + 49*h + 119 = 0. What is the remainder when 251 is divided by h?
13
Let d = -9 - -21. Suppose -51 = -3*f + d. Calculate the remainder when 1472/18 + 2/9 is divided by f.
19
Suppose -2*y + 70 = 2*n + 3*y, -n + y + 35 = 0. Calculate the remainder when n is divided by 20.
15
Suppose -50*n + 9531 + 919 = 0. Calculate the remainder when n is divided by 43.
37
Let t be (-1 + 2)*(-2 + 2). Suppose 4*p = -5*k + 135, -41 + t = -2*k + p. What is the remainder when k is divided by 8?
7
Let a = -264 - -286. Calculate the remainder when 42 + 1*(1 + 0) is divided by a.
21
Suppose 0 = -18*j + 246 + 6. Calculate the remainder when 95 is divided by j.
11
Suppose 0 = -2*u - 28 + 14. Let h = u - -21. Calculate the remainder when 39 is divided by h.
11
Suppose -20 = -2*b + 14*v - 12*v, -5*b + 20 = v. Suppose 7*s - 2*s - 85 = 0. Calculate the remainder when s is divided by b.
2
Suppose -o + 1 = 0, -3*b + 2*o + 0*o - 35 = 0. Let c = 0 - b. Calculate the remainder when 41 is divided by c.
8
Suppose 4*b - 72 = 4*d, 6*d - 2*d - 3 = -b. What is the remainder when 88 is divided by b?
13
What is the remainder when 12/(-90) + 11228/60 is divided by 28?
19
Calculate the remainder when 145 is divided by (3 - -25)/7 + 47 + 7.
29
Suppose 90 = 43*a - 33*a. What is the remainder when 69 is divided by a?
6
Suppose 24 = -91*n + 85*n. Let x = 106 - 63. Let q = n + x. Calculate the remainder when q is divided by 20.
19
Let r(a) = a**2 - 12*a + 20. Let f be r(11). Suppose 0 = -12*l + f*l + 156. Calculate the remainder when l is divided by 14.
10
Suppose -8*n = -70 - 2. What is the remainder when 28 is divided by (10/5)/(0 - (-3)/n)?
4
Suppose -7*s + 35 + 266 = 0. What is the remainder when 101 is divided by s?
15
Suppose -g + 62 - 9 = j, -4*j - 3*g + 213 = 0. What is the remainder when 122 is divided by j?
14
Let a(j) = 5*j**3 - 5*j**2 + j + 7. Let v be a(3). Let f = -63 + v. What is the remainder when f is divided by 10?
7
Let r = 45 - -11. Let m = -40 + r. Calculate the remainder when 31 is divided by m.
15
Calculate the remainder when ((-30)/9)/((-140)/11928) is divided by 72.
68
Calculate the remainder when 128 is divided by 105 + (61 - -2)/9.
16
Suppose 4*i = -4*f - 0*i + 364, 3*i + 192 = 2*f. What is the remainder when f is divided by 19?
17
Suppose 8*r + 3*k - 78 = 3*r, 3*r - 5*k = 40. Suppose -u + r = -0. Let n(z) = 19*z - 17. What is the remainder when n(4) is divided by u?
14
Let x(g) = 28*g**3 + 3 + 2*g**2 - 27*g**3 - 16*g + 13*g**2. What is the remainder when x(-16) is divided by 1?
0
Suppose -4*p = 11 - 79. Let r be (-1 - -7)/3 + 2. Suppose -d + 157 + 94 = 5*g, r*g + d - 201 = 0. What is the remainder when g is divided by p?
16
Suppose -a = -4*r + 224, 10*a = 2*r + 11*a - 106. What is the remainder when r is divided by 46?
9
What is the remainder when 762 is divided by (1 - -50)*(-45)/(-27)?
82
Let k = -37 - -219. Suppose -758 = -27*v + 722 + 167. Calculate the remainder when k is divided by v.
60
Let u(c) = c**2 - 61*c + 458. Calculate the remainder when 205 is divided by u(54).
45
Let k be ((-1)/(-2))/(2/(-328)). Let z = k - -127. Let x(t) = -t - 2. Calculate the remainder when z is divided by x(-10).
5
Let b = 1053 - 1043. Calculate the remainder when 68 is divided by b.
8
What is the remainder when 5*2/(20/2922) is divided by 133?
131
Let n be (-440)/(-33)*(-6)/(-2). Suppose -3*w + n = -8. What is the remainder when 30 is divided by w?
14
Let m(z) = -z**3 - 7*z**2 - 6*z + 5. Let k be m(-6). Let s(b) = b**2 + 6*b + 3. Calculate the remainder when s(k) is divided by 44/3 + ((-200)/(-24) - 8).
13
Let m(b) = 2*b. Let a be (-10*1)/(12/60). Let r = -23 - a. What is the remainder when r is divided by m(7)?
13
Let m be -3 - (-1)/((-2)/58). Let u = 37 + m. Calculate the remainder when 39 is divided by u.
4
Let g(o) = -146*o + 619. What is the remainder when g(4) is divided by 32?
3
Let m(b) = 2*b - 1. Let a = 22 + -17. Let d(h) = -h**3 + 9*h**2 - 10*h + 24. Calculate the remainder when d(7) is divided by m(a).
7
Let j(f) = f**3 + 11*f**2 + 14*f + 1. What is the remainder when j(-6) is divided by 36?
25
Suppose 2 = a - 0. Suppose 3*b - 370 = -a*b. Calculate the remainder when b/(-3 + 3 + 2) is divided by 10.
7
Suppose 0 = -2*j + 14*j - 216. What is the remainder when 67 is divided by j?
13
Let b(v) = 2*v**2. Let p(a) = a**2 + 7*a - 2. Let l be p(-7). Calculate the remainder when 38 is divided by b(l).
6
Suppose -5*t - 3*q + 1015 = 2*q, 0 = -t + q + 195. Suppose -25 = -5*s, 0 = 5*k + 2*s - 6 - t. Calculate the remainder when k is divided by 6.
3
What is the remainder when 86 is divided by (-25)/5 - (2 - 25)?
14
Let t(p) = 4*p**2 - 49*p - 63. Calculate the remainder when t(17) is divided by 38.
32
Suppose i + 16 = -3*h + 6, 4 = -h. Calculate the remainder when 15 is divided by i.
1
Suppose 2*g = y + 79 + 148, 5 = -5*y. Suppose -5 = 3*h + 7, 4*v - 4*h = 172. What is the remainder when g is divided by v?
35
Suppose 1 - 51 = -5*t. Let s = 1226 - 1219. What is the remainder when t is divided by s?
3
Let g be 13/(-1) - 3/6*-8. Let j = g - -30. Calculate the remainder when 65 is divided by j.
2
Calculate the remainder when (3 + 3 - 3)*(-549)/(-27) is divided by 16.
13
Suppose -7 = -d - 0*d. Suppose -l + 22 + 45 = 5*c, 0 = -c - l + 11. Suppose n - c = -d. What is the remainder when n is divided by 5?
2
Let o = 373 + -370. Calculate the remainder when 84 is divided by o.
0
Let x(t) = 2*t**2 - 4*t + 17. Let b be x(9). Let i = 168 - b. What is the remainder when 121 is divided by i?
21
Suppose 5*s - 10 = 5*n, -2*n + 0*n - 11 = 5*s. Let t(w) = -26*w**2 + 2*w + 3. Let c be t(s). Let r = 29 + c. Calculate the remainder when 6 is divided by r.
2
Let k = -29 - -70. Suppose 4 + 2 = 3*z, -4*z = -3*y + 4. Suppose -y*a + 2*v + 66 = 4*v, 2*v = -5*a + 81. What is the remainder when k is divided by a?
11
Let j(w) = w - 6. Let a be j(9). Suppose 0 = 5*q + 2*v - 69, 2*q - 42 = 3*v + v. What is the remainder when q is divided by (a + 171/(-9))/(1*-2)?
7
Let b = -509 + 626. Calculate the remainder when b is divided by 111.
6
Let c = 1279 + -1264. Calculate the remainder when c is divided by 6.
3
Suppose 0 = -2*s + 4*s + 6. What is the remainder when (84/6)/(2/(-3))*s is divided by 17?
12
Let c = -32 + 51. Let n = 12 + -9. Suppose 3*s + 2*s + 92 = 2*o, 68 = o + n*s. Calculate the remainder when o is divided by c.
18
Suppose 24 = 2*j + j. Let k(d) = d + 14. Let z be k(j). Suppose -z*h + 8 = -20*h. Calculate the remainder when 6 is divided by h.
2
Suppose -32*n = -37*n + 165. Let r = 46 - n. What is the remainder when 77 is divided by r?
12
Let p = -116 - -125. Let s(r) = -r**2 + r + 27. Let a be s(0). Suppose -3*f = n - 4*n - a, -71 = -4*f - 3*n. What is the remainder when f is divided by p?
5
Let t(l) = 4*l - 9. Let r(n) = 3*n - 10. Let a be r(5). Suppose -2 - 4 = 2*m, -5*f - a*m = -30. What is the remainder when t(f) is divided by 14?
13
Let t = -100 + 113. Suppose 8 = u - 5*r, -5*r - 100 = -u - 4*u. What is the remainder when u is divided by t?
10
What is the remainder when 6 + (0 + 4)/((-17)/(-442)) is divided by 57?
53
Let p(j) = 4*j**2 + 4*j - 5. Let k = 304 - 265. What is the remainder when p(-5) is divided by k?
36
Calculate the remainder when 1638 is divided by -2 + 2118/14 - (-40)/(-140).
148
Let t(n) = -41*n.